 90743689 a prime number?
False
Is 25767527 prime?
True
Is 5839157 prime?
False
Is 299199923 composite?
True
Is 16297013 composite?
True
Is 6175751 composite?
False
Is 279109 composite?
False
Is 267829081 a composite number?
True
Is 20873927 a composite number?
True
Is 3428954 a prime number?
False
Is 4558049 prime?
True
Is 13173617 a composite number?
False
Is 109475897 a composite number?
False
Is 41289121 prime?
False
Is 52102877 a composite number?
True
Is 28317191 a prime number?
False
Is 59220401 composite?
True
Is 13587899 prime?
False
Is 99624565 a composite number?
True
Is 24064321 composite?
False
Is 618287 composite?
False
Is 5522401 a prime number?
False
Is 8765473 composite?
False
Is 1339127 a prime number?
True
Is 17453047 composite?
False
Is 651515 composite?
True
Is 426841 prime?
True
Is 9564719 a prime number?
False
Is 1714673 prime?
False
Is 2202971 a composite number?
True
Is 64286263 a prime number?
True
Is 37646881 composite?
True
Is 2547661 a composite number?
True
Is 1996847 prime?
False
Is 49386499 composite?
False
Is 1813313 composite?
False
Is 104601869 prime?
False
Is 45455329 prime?
True
Is 59131889 prime?
True
Is 1681679 a prime number?
True
Is 505753 prime?
False
Is 198173 prime?
True
Is 215880073 composite?
False
Is 5388686 a prime number?
False
Is 5911901 a prime number?
True
Is 689417 a composite number?
True
Is 30254423 composite?
True
Is 881299 a composite number?
True
Is 60021943 composite?
False
Is 8921323 composite?
True
Is 2466767 a prime number?
False
Is 44283361 a prime number?
True
Is 10428193 prime?
True
Is 1603837 a prime number?
True
Is 2519851 composite?
False
Is 74290751 composite?
False
Is 169793149 a composite number?
True
Is 59062187 a prime number?
True
Is 2121887 prime?
False
Is 59646049 composite?
False
Is 142474897 a composite number?
True
Is 240377507 a composite number?
False
Is 3674677 a prime number?
False
Is 451540883 a composite number?
False
Is 20109331 composite?
True
Is 16309639 prime?
True
Is 183121667 a prime number?
False
Is 76699573 prime?
False
Is 2175893 a composite number?
True
Is 119937733 composite?
False
Is 558463 a prime number?
False
Is 3338971 a prime number?
True
Is 3616397 prime?
True
Is 40927 prime?
True
Is 82525777 a composite number?
False
Is 6398131 a composite number?
True
Is 30200539 prime?
True
Is 106617893 a prime number?
True
Is 2896501 a composite number?
False
Is 433121 a composite number?
True
Is 19717391 prime?
True
Is 258532331 composite?
False
Is 47369447 a composite number?
False
Is 291979241 a composite number?
False
Is 490129 a composite number?
True
Is 4573291 a composite number?
True
Is 34707467 a composite number?
False
Is 148019 a composite number?
True
Is 61852169 composite?
False
Is 16366523 a composite number?
False
Is 8289313 prime?
True
Is 61309921 a composite number?
False
Is 15723347 prime?
True
Is 13393949 prime?
True
Is 2583815437 composite?
True
Is 13888383 prime?
False
Is 220468177 composite?
True
Is 57438973 prime?
True
Is 1789459 a prime number?
False
Is 1552939 a prime number?
False
Is 15276193 a composite number?
True
Is 8191691 a prime number?
True
Is 37428491 prime?
True
Is 7317679 composite?
True
Is 7446841 prime?
False
Is 20326951 a prime number?
False
Is 151457389 a composite number?
False
Is 6021259 prime?
False
Is 757257 prime?
False
Is 39517229 a composite number?
False
Is 2635481 a composite number?
False
Is 16492943 prime?
False
Is 3160711 prime?
False
Is 7323539 a prime number?
True
Is 9623347 composite?
False
Is 16192403 a prime number?
True
Is 2607271 a prime number?
True
Is 3507019 a composite number?
True
Is 15080554 a prime number?
False
Is 14069351 a prime number?
True
Is 803227 a composite number?
False
Is 65505851 a prime number?
False
Is 1861397 a prime number?
True
Is 10310929 prime?
True
Is 94264193 a prime number?
True
Is 144398509 composite?
True
Is 1141509 composite?
True
Is 7019611 a composite number?
False
Is 16257809 composite?
False
Is 14188891 prime?
False
Is 764081 prime?
True
Is 1630787 composite?
True
Is 1375411 composite?
False
Is 682607 prime?
True
Is 11098679 composite?
True
Is 205913 a composite number?
False
Is 1521071 a composite number?
True
Is 350228257 composite?
True
Is 67339351 composite?
False
Is 73750321 composite?
False
Is 615087397 a prime number?
True
Is 239006291 composite?
True
Is 7269281 composite?
False
Is 64452022 prime?
False
Is 49443041 composite?
False
Is 5085667 composite?
True
Is 10650559 prime?
False
Is 1137838411 a prime number?
True
Is 97211861 prime?
False
Is 9578557 a prime number?
False
Is 1049353 a prime number?
False
Is 511559 composite?
False
Is 14603242 composite?
True
Is 2450047 a prime number?
True
Is 504249 a prime number?
False
Is 39244657 a prime number?
True
Is 4345241 prime?
False
Is 2644874 prime?
False
Is 19212729 composite?
True
Is 235921 prime?
False
Is 531437311 a composite number?
False
Is 1844309 a composite number?
True
Is 11368433 a composite number?
True
Is 6803413 a composite number?
True
Is 9084297 composite?
True
Is 36722641 a composite number?
False
Is 152407083 composite?
True
Is 15958639 prime?
True
Is 34703129 a prime number?
True
Is 2607167 a prime number?
True
Is 7013683 a prime number?
False
Is 3541387 a composite number?
True
Is 1178939 a composite number?
False
Is 1444958 a prime number?
False
Is 180784823 a prime number?
True
Is 111467 composite?
False
Is 79799569 composite?
False
Is 330391679 prime?
True
Is 2776649 composite?
False
Is 56807669 prime?
False
Is 563401 a composite number?
False
Is 303074 a prime number?
False
Is 633887 a composite number?
True
Is 1941167 prime?
False
Is 23827717 a prime number?
True
Is 88381661 a prime number?
True
Is 1131759587 prime?
False
Is 1473294866 composite?
True
Is 815653061 a composite number?
False
Is 55471007 prime?
False
Is 8417749 prime?
True
Is 2410553 a prime number?
True
Is 2423251 composite?
True
Is 63039659 prime?
True
Is 74880307 a prime number?
True
Is 29007941 composite?
False
Is 36482287 a prime number?
True
Is 3328769 a prime number?
False
Is 1406071 a prime number?
True
Is 568361483 prime?
False
Is 215182969 composite?
True
Is 38044511 composite?
False
Is 282753187 prime?
True
Is 143256401 a composite number?
False
Is 80308691 composite?
False
Is 10640821 prime?
True
Is 91950245 composite?
True
Is 222269 a composite number?
False
Is 17502269 a prime number?
True
Is 4726123 prime?
True
Is 3054283 a composite number?
False
Is 915425387 composite?
False
Is 624426189 a prime number?
False
Is 70922309 prime?
False
Is 20054963 a prime number?
True
Is 218945351 prime?
True
Is 96112537 prime?
False
Is 2059171 prime?
False
Is 5956019 a prime number?
False
Is 281143181 prime?
False
Is 6313313 a composite number?
True
Is 280594 a composite number?
True
Is 2117651 a prime number?
True
Is 15733931 prime?
True
Is 40721567 composite?
False
Is 2389501 prime?
True
Is 7582831 composite?
True
Is 26080429 composite?
False
Is 572867 prime?
True
Is 2321647 a prime number?
True
Is 1675679 a prime number?
True
Is 581807 a prime number?
False
Is 635612151 prime?
False
Is 2505679 a prime number?
False
Is 713183893 composite?
True
Is 656133 prime?
False
Is 40773674 a prime number?
False
Is 17862307 a composite number?
True
Is 61563871 a prime number?
True
Is 7985113 a composite number?
True
Is 6256087 a composite number?
False
Is 198911539 a composite number?
False
Is 6841609 a prime number?
True
Is 42986257 a composite number?
False
Is 709469 prime?
True
Is 14982609 a composite number?
True
Is 40343 a composite number?
False
Is 234734767 a prime number?
True
Is 2884217 a prime number?
False
Is 588983183 composite?
False
Is 2249537 prime?
True
Is 102858661 a composite number?
False
Is 2240285 a composite number?
True
Is 371948947 prime?
True
Is 121494133 composite?
False
Is 9720013 a composite number?
True
Is 58966521 prime?
False
Is 883241 a composite number?
False
Is 2181533 a prime number?
False
Is 106548793 a prime number?
False
Is 37911619 a prime number?
True
Is 225427 prime?
True
Is 145109 composite?
False
Is 1959757 a prime number?
False
Is 102744391 composite?
False
Is 37839047 prime?
True
Is 4080605 prime?
False
Is 4444871 a prime number?
False
Is 14647723 a composite number?
False
Is 6193